{"id":9855,"date":"2026-01-06T16:13:58","date_gmt":"2026-01-06T16:13:58","guid":{"rendered":"https:\/\/monparfum.net\/?post_type=product&#038;p=9855"},"modified":"2026-02-01T14:16:09","modified_gmt":"2026-02-01T14:16:09","slug":"fleur-de-coton-50g","status":"publish","type":"product","link":"https:\/\/monparfum.net\/index.php\/produit\/fleur-de-coton-50g\/","title":{"rendered":"FLEUR DE COTON 50g"},"content":{"rendered":"<p>&nbsp;<\/p>\n<p>Tr\u00e8s original, d\u00e9couvrez nos Parfums Solides pour la maison (10 d\u00f4mes envelopp\u00e9s dans un papier de soie) dans leur boite m\u00e9tal \u00e0 vis :<\/p>\n<p>&nbsp;<\/p>\n<p>senteur <strong>FLEUR DE COTON\u00a0<\/strong><\/p>\n<p>\u2022 Haute concentration en parfum<\/p>\n<p>\u2022 Cire 100% v\u00e9g\u00e9tale<\/p>\n<p>&nbsp;<\/p>\n<p><strong>Notes de t\u00eate :<\/strong> orange, bergamote<\/p>\n<p><strong>Notes de c\u0153ur :<\/strong> Fruits jaunes, Fleurs blanches<\/p>\n<p><strong>Notes de fond :<\/strong> Musc<\/p>\n<p>&nbsp;<\/p>\n<p><span style=\"text-decoration: underline;\"><strong>Conseils d'utilisation<\/strong><\/span> :<\/p>\n<ul>\n<li>Plac\u00e9s 2 ou 3 d\u00f4mes dans chaque petit espace (placards, dressing, filtres d'aspirateur, pots pourris, tiroir, coiffeuse, bureau...).<\/li>\n<li>A maintenir \u00e0 temp\u00e9rature ambiante : \u00e9viter les sources de chaleur (radiateur, chemin\u00e9e, voiture l'\u00e9t\u00e9...) qui les feraient fondre.<\/li>\n<li>Vous pouvez les utiliser dans des br\u00fble-parfum pour embaumer votre int\u00e9rieur<\/li>\n<\/ul>\n<p><strong>Dur\u00e9e de vie<\/strong> : plusieurs mois (quand les d\u00f4mes de sentent plus, cass\u00e9s les en 2, puis en 4... pour relancer leur diffusion)<\/p>\n<p>&nbsp;<\/p>\n<p>&nbsp;<\/p>\n","protected":false},"excerpt":{"rendered":"<p data-start=\"748\" data-end=\"860\"><span style=\"color: #c8e070;\"><em>Une douceur enveloppante, comme un cocon de calme et de r\u00e9confort<\/em><em>.<\/em><\/span><\/p>\n<p data-start=\"748\" data-end=\"860\">\n<p data-start=\"748\" data-end=\"860\">Parfumerie Artisanale Fran\u00e7aise \ud83c\uddeb\ud83c\uddf7<br data-start=\"809\" data-end=\"812\" \/>\u00c9labor\u00e9 \u00e0 Grasse, Directe Artisan Parfumeur<\/p>\n<p>&nbsp;<\/p>\n<p data-start=\"862\" data-end=\"889\"><strong>Description ci-dessous<\/strong>\u00a0\ud83d\udc47<\/p>\n<p data-start=\"862\" data-end=\"889\">\n","protected":false},"featured_media":9821,"comment_status":"open","ping_status":"closed","template":"","meta":{"_acf_changed":false},"product_brand":[],"product_cat":[181,267,200],"product_tag":[62,63,64,79,66,187,67,69,201,70,71],"class_list":{"0":"post-9855","1":"product","2":"type-product","3":"status-publish","4":"has-post-thumbnail","6":"product_cat-maison","7":"product_cat-parfums-dinterieur","8":"product_cat-parfums-solides","9":"product_tag-aroma-sun","10":"product_tag-club-parfum","11":"product_tag-dlp","12":"product_tag-exhalessence","13":"product_tag-femme","14":"product_tag-fleur-de-coton","15":"product_tag-fragrance","16":"product_tag-parfum","17":"product_tag-parfum-solide","18":"product_tag-parfums-generiques","19":"product_tag-richard-parfums","21":"first","22":"instock","23":"taxable","24":"shipping-taxable","25":"purchasable","26":"product-type-simple"},"acf":[],"_links":{"self":[{"href":"https:\/\/monparfum.net\/index.php\/wp-json\/wp\/v2\/product\/9855","targetHints":{"allow":["GET"]}}],"collection":[{"href":"https:\/\/monparfum.net\/index.php\/wp-json\/wp\/v2\/product"}],"about":[{"href":"https:\/\/monparfum.net\/index.php\/wp-json\/wp\/v2\/types\/product"}],"replies":[{"embeddable":true,"href":"https:\/\/monparfum.net\/index.php\/wp-json\/wp\/v2\/comments?post=9855"}],"wp:featuredmedia":[{"embeddable":true,"href":"https:\/\/monparfum.net\/index.php\/wp-json\/wp\/v2\/media\/9821"}],"wp:attachment":[{"href":"https:\/\/monparfum.net\/index.php\/wp-json\/wp\/v2\/media?parent=9855"}],"wp:term":[{"taxonomy":"product_brand","embeddable":true,"href":"https:\/\/monparfum.net\/index.php\/wp-json\/wp\/v2\/product_brand?post=9855"},{"taxonomy":"product_cat","embeddable":true,"href":"https:\/\/monparfum.net\/index.php\/wp-json\/wp\/v2\/product_cat?post=9855"},{"taxonomy":"product_tag","embeddable":true,"href":"https:\/\/monparfum.net\/index.php\/wp-json\/wp\/v2\/product_tag?post=9855"}],"curies":[{"name":"wp","href":"https:\/\/api.w.org\/{rel}","templated":true}]}}