{"id":2210,"date":"2024-05-16T09:27:50","date_gmt":"2024-05-16T09:27:50","guid":{"rendered":"https:\/\/monparfum.net\/?post_type=product&#038;p=2210"},"modified":"2026-01-06T16:45:59","modified_gmt":"2026-01-06T16:45:59","slug":"parfum-voiture-road-trip-50-ml","status":"publish","type":"product","link":"https:\/\/monparfum.net\/index.php\/produit\/parfum-voiture-road-trip-50-ml\/","title":{"rendered":"Parfum voiture<br>ROAD TRIP 50 ml"},"content":{"rendered":"<p>&nbsp;<\/p>\n<p>Parfum aux notes bois\u00e9es pour la voiture, camping-car, van et tout autre v\u00e9hicule de votre choix.<\/p>\n<p>&nbsp;<\/p>\n<p>Famille olfactive :\u00a0<strong>BOIS\u00c9<\/strong><\/p>\n<p>&nbsp;<\/p>\n<p><strong>Notes de T\u00eate<\/strong>\u00a0<strong>:<\/strong>\u00a0Bergamote, N\u00e9roli, Mandarine<\/p>\n<p><strong>Notes de C\u0153ur :<\/strong>\u00a0Poivre, Romarin, Lavande, Rhubarbe<\/p>\n<p><strong>Notes de Fond :<\/strong>\u00a0F\u00e8ve Tonka, Ambre, Musc, Bois de Rose<\/p>\n<p>&nbsp;<\/p>\n<p>Flacon vapo de 50 ml<\/p>\n<p>&nbsp;<\/p>\n<p>Propos\u00e9 en format de poche, il est transportable et trouvera facilement sa place dans votre vide poche ou votre bo\u00eete \u00e0 gants.<\/p>\n<p>&nbsp;<\/p>\n<p><strong>P\u00e9riode apr\u00e8s ouverture<\/strong> : 18 mois<\/p>\n<p>&nbsp;<\/p>\n<p>&nbsp;<\/p>\n","protected":false},"excerpt":{"rendered":"<p data-start=\"748\" data-end=\"860\">\n<p data-start=\"748\" data-end=\"860\"><span style=\"color: #99ccff;\"><em>Un sillage bois\u00e9 et aromatique, pour les esprits libres qui aiment la route et l\u2019\u00e9vasion.<\/em><\/span><\/p>\n<p data-start=\"748\" data-end=\"860\">\n<p data-start=\"748\" data-end=\"860\">Parfumerie Artisanale Fran\u00e7aise \ud83c\uddeb\ud83c\uddf7<br data-start=\"809\" data-end=\"812\" \/>\u00c9labor\u00e9 \u00e0 Grasse, Directe Artisan Parfumeur<\/p>\n<p>&nbsp;<\/p>\n<p data-start=\"862\" data-end=\"889\"><strong>Description ci-dessous<\/strong>\u00a0\ud83d\udc47<\/p>\n<p data-start=\"862\" data-end=\"889\">\n","protected":false},"featured_media":8116,"comment_status":"open","ping_status":"closed","template":"","meta":{"_acf_changed":false},"product_brand":[],"product_cat":[280,246,267,273],"product_tag":[62,247,63,64,79,66,67,69,248,249,70,71,250],"class_list":{"0":"post-2210","1":"product","2":"type-product","3":"status-publish","4":"has-post-thumbnail","6":"product_cat-parfum-ambiance-voiture-parfums-maison","7":"product_cat-parfum-voiture","8":"product_cat-parfums-dinterieur","9":"product_cat-parfums-maison","10":"product_tag-aroma-sun","11":"product_tag-camping-car","12":"product_tag-club-parfum","13":"product_tag-dlp","14":"product_tag-exhalessence","15":"product_tag-femme","16":"product_tag-fragrance","17":"product_tag-parfum","18":"product_tag-parfum-boise","19":"product_tag-parfum-voiture","20":"product_tag-parfums-generiques","21":"product_tag-richard-parfums","22":"product_tag-van","24":"first","25":"instock","26":"taxable","27":"shipping-taxable","28":"purchasable","29":"product-type-simple"},"acf":[],"_links":{"self":[{"href":"https:\/\/monparfum.net\/index.php\/wp-json\/wp\/v2\/product\/2210","targetHints":{"allow":["GET"]}}],"collection":[{"href":"https:\/\/monparfum.net\/index.php\/wp-json\/wp\/v2\/product"}],"about":[{"href":"https:\/\/monparfum.net\/index.php\/wp-json\/wp\/v2\/types\/product"}],"replies":[{"embeddable":true,"href":"https:\/\/monparfum.net\/index.php\/wp-json\/wp\/v2\/comments?post=2210"}],"wp:featuredmedia":[{"embeddable":true,"href":"https:\/\/monparfum.net\/index.php\/wp-json\/wp\/v2\/media\/8116"}],"wp:attachment":[{"href":"https:\/\/monparfum.net\/index.php\/wp-json\/wp\/v2\/media?parent=2210"}],"wp:term":[{"taxonomy":"product_brand","embeddable":true,"href":"https:\/\/monparfum.net\/index.php\/wp-json\/wp\/v2\/product_brand?post=2210"},{"taxonomy":"product_cat","embeddable":true,"href":"https:\/\/monparfum.net\/index.php\/wp-json\/wp\/v2\/product_cat?post=2210"},{"taxonomy":"product_tag","embeddable":true,"href":"https:\/\/monparfum.net\/index.php\/wp-json\/wp\/v2\/product_tag?post=2210"}],"curies":[{"name":"wp","href":"https:\/\/api.w.org\/{rel}","templated":true}]}}