{"id":2207,"date":"2024-05-16T09:27:50","date_gmt":"2024-05-16T09:27:50","guid":{"rendered":"https:\/\/monparfum.net\/?post_type=product&#038;p=2207"},"modified":"2026-03-04T08:26:01","modified_gmt":"2026-03-04T08:26:01","slug":"gommage-visage-75-ml-au-lait-anesse","status":"publish","type":"product","link":"https:\/\/monparfum.net\/index.php\/produit\/gommage-visage-75-ml-au-lait-anesse\/","title":{"rendered":"GOMMAGE VISAGE 75 ML au lait \u00e2nesse"},"content":{"rendered":"<p>Gommage visage au lait d'\u00e2nesse BIO 75 ml.<\/p>\n<p>&nbsp;<\/p>\n<p><strong>Senteur<\/strong> :\u00a0neutre<\/p>\n<p>&nbsp;<\/p>\n<p><strong>Principes actifs<\/strong> :<\/p>\n<ul>\n<li>Lait d'\u00e2nesse BIO : Raffermit, nourrit et donne un effet tenseur sur la peau.<\/li>\n<li>Huile d'amande douce : Nourrit et apaise la peau. L'huile d'amande douce pr\u00e9vient le dess\u00e8chement de la peau.<\/li>\n<li>Beurre de karit\u00e9 : Nourrit et redonne l'\u00e9lasticit\u00e9 \u00e0 la peau.<\/li>\n<li>Microcristaux v\u00e9g\u00e9taux : Exfolie tout en douceur.<\/li>\n<\/ul>\n<p>&nbsp;<\/p>\n<p>Tube de 75 ml.<\/p>\n<p>&nbsp;<\/p>\n<p><strong>Dur\u00e9e d'utilisation<\/strong> : 12 mois apr\u00e8s ouverture.<\/p>\n<p>&nbsp;<\/p>\n<p><strong>Conseil d'utilisation<\/strong> :<\/p>\n<p>Appliquer 1 \u00e0 2 fois par semaine. Masser d\u00e9licatement le visage et le cou. Rincer \u00e0 l'eau ti\u00e8de et compl\u00e9ter les effets de ce soin en appliquant le Masque Visage.<\/p>\n<p>&nbsp;<\/p>\n<p>&nbsp;<\/p>\n","protected":false},"excerpt":{"rendered":"<p>&nbsp;<\/p>\n<p>&nbsp;<\/p>\n<p style=\"padding-left: 40px;\" data-start=\"603\" data-end=\"746\"><span style=\"color: #edb2a4;\"><em><span style=\"color: #cc99ff;\">Gamme au lait d'\u00e2nesse Bio, r\u00e9colt\u00e9 aux 8 mois de l'\u00e2non, au moment de la diversification alimentaire.<\/span><\/em><\/span><\/p>\n<p>&nbsp;<\/p>\n<p style=\"padding-left: 40px;\" data-start=\"748\" data-end=\"860\">Parfumerie Artisanale Fran\u00e7aise \ud83c\uddeb\ud83c\uddf7<br data-start=\"809\" data-end=\"812\" \/>\u00c9labor\u00e9 \u00e0 Grasse, Directe Artisan Parfumeur<\/p>\n<p>&nbsp;<\/p>\n","protected":false},"featured_media":8109,"comment_status":"open","ping_status":"closed","template":"","meta":{"_acf_changed":false},"product_brand":[],"product_cat":[49,51],"product_tag":[72,63,162,64,79,66,67,431,164,165,166,70,71,167],"class_list":{"0":"post-2207","1":"product","2":"type-product","3":"status-publish","4":"has-post-thumbnail","6":"product_cat-cosmetiques","7":"product_cat-gamme-lait-danesse","8":"product_tag-aromasun","9":"product_tag-club-parfum","10":"product_tag-cosmetiques","11":"product_tag-dlp","12":"product_tag-exhalessence","13":"product_tag-femme","14":"product_tag-fragrance","15":"product_tag-gommage-visage","16":"product_tag-hydratation","17":"product_tag-lait-anesse","18":"product_tag-lait-de-jument","19":"product_tag-parfums-generiques","20":"product_tag-richard-parfums","21":"product_tag-soin","23":"first","24":"instock","25":"taxable","26":"shipping-taxable","27":"purchasable","28":"product-type-simple"},"acf":[],"_links":{"self":[{"href":"https:\/\/monparfum.net\/index.php\/wp-json\/wp\/v2\/product\/2207","targetHints":{"allow":["GET"]}}],"collection":[{"href":"https:\/\/monparfum.net\/index.php\/wp-json\/wp\/v2\/product"}],"about":[{"href":"https:\/\/monparfum.net\/index.php\/wp-json\/wp\/v2\/types\/product"}],"replies":[{"embeddable":true,"href":"https:\/\/monparfum.net\/index.php\/wp-json\/wp\/v2\/comments?post=2207"}],"wp:featuredmedia":[{"embeddable":true,"href":"https:\/\/monparfum.net\/index.php\/wp-json\/wp\/v2\/media\/8109"}],"wp:attachment":[{"href":"https:\/\/monparfum.net\/index.php\/wp-json\/wp\/v2\/media?parent=2207"}],"wp:term":[{"taxonomy":"product_brand","embeddable":true,"href":"https:\/\/monparfum.net\/index.php\/wp-json\/wp\/v2\/product_brand?post=2207"},{"taxonomy":"product_cat","embeddable":true,"href":"https:\/\/monparfum.net\/index.php\/wp-json\/wp\/v2\/product_cat?post=2207"},{"taxonomy":"product_tag","embeddable":true,"href":"https:\/\/monparfum.net\/index.php\/wp-json\/wp\/v2\/product_tag?post=2207"}],"curies":[{"name":"wp","href":"https:\/\/api.w.org\/{rel}","templated":true}]}}

GOMMAGE VISAGE 75 ML au lait ânesse

<p>Gommage visage au lait d'ânesse BIO 75 ml.</p>
<p>&nbsp;</p>
<p><strong>Senteur</strong> : neutre</p>
<p>&nbsp;</p>
<p><strong>Principes actifs</strong> :</p>
<ul>
<li>Lait d'ânesse BIO : Raffermit, nourrit et donne un effet tenseur sur la peau.</li>
<li>Huile d'amande douce : Nourrit et apaise la peau. L'huile d'amande douce prévient le dessèchement de la peau.</li>
<li>Beurre de karité : Nourrit et redonne l'élasticité à la peau.</li>
<li>Microcristaux végétaux : Exfolie tout en douceur.</li>
</ul>
<p>&nbsp;</p>
<p>Tube de 75 ml.</p>
<p>&nbsp;</p>
<p><strong>Durée d'utilisation</strong> : 12 mois après ouverture.</p>
<p>&nbsp;</p>
<p><strong>Conseil d'utilisation</strong> :</p>
<p>Appliquer 1 à 2 fois par semaine. Masser délicatement le visage et le cou. Rincer à l'eau tiède et compléter les effets de ce soin en appliquant le Masque Visage.</p>
<p>&nbsp;</p>
<p>&nbsp;</p>

<p>&nbsp;</p>
<p>&nbsp;</p>
<p style="padding-left: 40px;" data-start="603" data-end="746"><span style="color: #edb2a4;"><em><span style="color: #cc99ff;">Gamme au lait d'ânesse Bio, récolté aux 8 mois de l'ânon, au moment de la diversification alimentaire.</span></em></span></p>
<p>&nbsp;</p>
<p style="padding-left: 40px;" data-start="748" data-end="860">Parfumerie Artisanale Française 🇫🇷<br data-start="809" data-end="812" />Élaboré à Grasse, Directe Artisan Parfumeur</p>
<p>&nbsp;</p>
