{"id":1907,"date":"2024-05-16T09:27:02","date_gmt":"2024-05-16T09:27:02","guid":{"rendered":"https:\/\/monparfum.net\/?post_type=product&#038;p=1907"},"modified":"2025-09-28T16:36:57","modified_gmt":"2025-09-28T16:36:57","slug":"soin-douche-bain-poire-vanille-200-ml","status":"publish","type":"product","link":"https:\/\/monparfum.net\/index.php\/produit\/soin-douche-bain-poire-vanille-200-ml\/","title":{"rendered":"POIRE VANILLE 200 ml"},"content":{"rendered":"<p>Soin Douche &amp; bain\u00a0<strong>F\u00e9minin<\/strong><\/p>\n<p>A base de glyc\u00e9rine reconnue pour sa puissante activit\u00e9 hydratante et de Pro Vitamine B5, connue pour ses propri\u00e9t\u00e9s r\u00e9paratrices et apaisantes.\u00a3<\/p>\n<p>Soin pour la douche ou le bain, parfum\u00e9.<\/p>\n<p>.<\/p>\n<p>Famille olfactive : <strong>ORIENTALE<\/strong> -\u00a0facettes : <strong>Fruit\u00e9 - Gourmand<\/strong><\/p>\n<p><strong>Notes de t\u00eate<\/strong> : poire, baies de roses<\/p>\n<p><strong>Notes de coeur<\/strong> : jasmin, fleur d'oranger, caf\u00e9<\/p>\n<p><strong>Notes de fond<\/strong> : patchouli, vanille, c\u00e8dre, r\u00e9glisse<\/p>\n<p>.<\/p>\n<p>Flacon de 200 ml.<\/p>\n<p>R\u00e9f : 138<\/p>\n<p>.<\/p>\n<p><em>Nos produits sont cr\u00e9\u00e9s et fabriqu\u00e9s \u00e0 Grasse, capitale mondiale des parfums.<\/em><\/p>\n<p><em><strong>100% Fran\u00e7ais et artisanal\u00a0<\/strong><\/em><\/p>\n<p><em>Ils sont \u00e9labor\u00e9s, fabriqu\u00e9s et conditionn\u00e9s \u00e0 la main, dans le respect de la tradition artisanale et selon les proc\u00e9d\u00e9s de fabrication des parfums.<\/em><\/p>\n","protected":false},"excerpt":{"rendered":"<p>Soin Douche &amp; bain\u00a0<strong>F\u00e9minin<\/strong><\/p>\n<p>Famille olfactive : <strong>ORIENTALE<\/strong> -\u00a0facettes : <strong>Fruit\u00e9 - Gourmand<\/p>\n<p><\/strong>Flacon de 200 ml<\/p>\n<p>Nos produits sont cr\u00e9\u00e9s \u00e0 Grasse, capitale mondiale des parfums.<\/p>\n<p>Ils sont \u00e9labor\u00e9s, fabriqu\u00e9s et conditionn\u00e9s \u00e0 la main, dans le respect de la tradition artisanale et selon les proc\u00e9d\u00e9s de fabrication des parfums.<\/p>\n","protected":false},"featured_media":7976,"comment_status":"open","ping_status":"closed","template":"","meta":{"_acf_changed":false},"product_brand":[],"product_cat":[49,151],"product_tag":[72,115,63,64,79,66,67,69,70,71],"class_list":{"0":"post-1907","1":"product","2":"type-product","3":"status-publish","4":"has-post-thumbnail","6":"product_cat-cosmetiques","7":"product_cat-soin-douche-bain","8":"product_tag-aromasun","9":"product_tag-black-opium","10":"product_tag-club-parfum","11":"product_tag-dlp","12":"product_tag-exhalessence","13":"product_tag-femme","14":"product_tag-fragrance","15":"product_tag-parfum","16":"product_tag-parfums-generiques","17":"product_tag-richard-parfums","19":"first","20":"instock","21":"taxable","22":"shipping-taxable","23":"purchasable","24":"product-type-simple"},"acf":[],"_links":{"self":[{"href":"https:\/\/monparfum.net\/index.php\/wp-json\/wp\/v2\/product\/1907","targetHints":{"allow":["GET"]}}],"collection":[{"href":"https:\/\/monparfum.net\/index.php\/wp-json\/wp\/v2\/product"}],"about":[{"href":"https:\/\/monparfum.net\/index.php\/wp-json\/wp\/v2\/types\/product"}],"replies":[{"embeddable":true,"href":"https:\/\/monparfum.net\/index.php\/wp-json\/wp\/v2\/comments?post=1907"}],"wp:featuredmedia":[{"embeddable":true,"href":"https:\/\/monparfum.net\/index.php\/wp-json\/wp\/v2\/media\/7976"}],"wp:attachment":[{"href":"https:\/\/monparfum.net\/index.php\/wp-json\/wp\/v2\/media?parent=1907"}],"wp:term":[{"taxonomy":"product_brand","embeddable":true,"href":"https:\/\/monparfum.net\/index.php\/wp-json\/wp\/v2\/product_brand?post=1907"},{"taxonomy":"product_cat","embeddable":true,"href":"https:\/\/monparfum.net\/index.php\/wp-json\/wp\/v2\/product_cat?post=1907"},{"taxonomy":"product_tag","embeddable":true,"href":"https:\/\/monparfum.net\/index.php\/wp-json\/wp\/v2\/product_tag?post=1907"}],"curies":[{"name":"wp","href":"https:\/\/api.w.org\/{rel}","templated":true}]}}

<p>Soin Douche &amp; bain <strong>Féminin</strong></p>
<p>A base de glycérine reconnue pour sa puissante activité hydratante et de Pro Vitamine B5, connue pour ses propriétés réparatrices et apaisantes.£</p>
<p>Soin pour la douche ou le bain, parfumé.</p>
<p>.</p>
<p>Famille olfactive : <strong>ORIENTALE</strong> - facettes : <strong>Fruité - Gourmand</strong></p>
<p><strong>Notes de tête</strong> : poire, baies de roses</p>
<p><strong>Notes de coeur</strong> : jasmin, fleur d'oranger, café</p>
<p><strong>Notes de fond</strong> : patchouli, vanille, cèdre, réglisse</p>
<p>.</p>
<p>Flacon de 200 ml.</p>
<p>Réf : 138</p>
<p>.</p>
<p><em>Nos produits sont créés et fabriqués à Grasse, capitale mondiale des parfums.</em></p>
<p><em><strong>100% Français et artisanal </strong></em></p>
<p><em>Ils sont élaborés, fabriqués et conditionnés à la main, dans le respect de la tradition artisanale et selon les procédés de fabrication des parfums.</em></p>

<p>Soin Douche &amp; bain <strong>Féminin</strong></p>
<p>Famille olfactive : <strong>ORIENTALE</strong> - facettes : <strong>Fruité - Gourmand</p>
<p></strong>Flacon de 200 ml</p>
<p>Nos produits sont créés à Grasse, capitale mondiale des parfums.</p>
<p>Ils sont élaborés, fabriqués et conditionnés à la main, dans le respect de la tradition artisanale et selon les procédés de fabrication des parfums.</p>
