{"id":10481,"date":"2026-05-11T16:19:52","date_gmt":"2026-05-11T16:19:52","guid":{"rendered":"https:\/\/monparfum.net\/?post_type=product&#038;p=10481"},"modified":"2026-05-11T16:23:10","modified_gmt":"2026-05-11T16:23:10","slug":"eau-de-parfumvelours-de-vanille","status":"publish","type":"product","link":"https:\/\/monparfum.net\/index.php\/produit\/eau-de-parfumvelours-de-vanille\/","title":{"rendered":"Eau de parfum<br>VELOURS DE VANILLE"},"content":{"rendered":"<p style=\"text-align: left;\">Pour une femme \u00e0 la personnalit\u00e9 Rayonnante<\/p>\n<p>&nbsp;<\/p>\n<p style=\"text-align: left;\">Parfum <strong>F\u00e9minin<\/strong><\/p>\n<p>Famille olfactive :\u00a0<strong>FLEURI<\/strong>\u00a0-\u00a0facettes :\u00a0<strong>Musqu\u00e9e<\/strong><\/p>\n<p>&nbsp;<\/p>\n<p style=\"text-align: left;\"><strong>Notes de t\u00eate<\/strong> : Jasmin, Bergamote<\/p>\n<p><strong>Notes de coeur : <\/strong>Absolu de Vanille<\/p>\n<p><strong>Notes de fond<\/strong> : Muscs Blancs, Santal<\/p>\n<p>&nbsp;<\/p>\n<p>Estagnon en aluminium de 100 ml avec vaporisateur \u00e0 38,80\u20ac<\/p>\n<p>ou Flacon verre de 10 ml avec vaporisateur \u00e0 8,80\u20ac<\/p>\n<p>&nbsp;<\/p>\n<p>Concentration Eau de Parfum<\/p>\n<p>R\u00e9f : 209<\/p>\n<p>&nbsp;<\/p>\n<p>&nbsp;<\/p>\n","protected":false},"excerpt":{"rendered":"<p>&nbsp;<\/p>\n<p style=\"padding-left: 40px;\" data-start=\"603\" data-end=\"746\"><em><span style=\"color: #c7a824;\">Une eau de parfum aux notes chaudes et enveloppantes qui apporte douceur et \u00e9l\u00e9gance \u00e0 chaque instant.<\/span><\/em><\/p>\n<p>&nbsp;<\/p>\n<p style=\"padding-left: 40px;\" data-start=\"748\" data-end=\"860\">Parfumerie Artisanale Fran\u00e7aise \ud83c\uddeb\ud83c\uddf7<br data-start=\"809\" data-end=\"812\" \/>\u00c9labor\u00e9 \u00e0 Grasse, Directe Artisan Parfumeur<\/p>\n<p>&nbsp;<\/p>\n<p style=\"padding-left: 40px;\" data-start=\"862\" data-end=\"889\"><strong>Description ci-dessous<\/strong> \ud83d\udc47<\/p>\n<p>&nbsp;<\/p>\n","protected":false},"featured_media":10479,"comment_status":"open","ping_status":"closed","template":"","meta":{"_acf_changed":false},"product_brand":[],"product_cat":[195,40,15,36],"product_tag":[62,63,64,79,66,67,435,153,69,70,71],"class_list":{"0":"post-10481","1":"product","2":"type-product","3":"status-publish","4":"has-post-thumbnail","6":"product_cat-bons-plans","7":"product_cat-parfums-fleuris","8":"product_cat-parfums","9":"product_cat-parfums-femme","10":"product_tag-aroma-sun","11":"product_tag-club-parfum","12":"product_tag-dlp","13":"product_tag-exhalessence","14":"product_tag-femme","15":"product_tag-fragrance","16":"product_tag-la-vie-est-belle-vanille-nude","17":"product_tag-lancome","18":"product_tag-parfum","19":"product_tag-parfums-generiques","20":"product_tag-richard-parfums","22":"first","23":"instock","24":"taxable","25":"shipping-taxable","26":"purchasable","27":"product-type-variable"},"acf":[],"_links":{"self":[{"href":"https:\/\/monparfum.net\/index.php\/wp-json\/wp\/v2\/product\/10481","targetHints":{"allow":["GET"]}}],"collection":[{"href":"https:\/\/monparfum.net\/index.php\/wp-json\/wp\/v2\/product"}],"about":[{"href":"https:\/\/monparfum.net\/index.php\/wp-json\/wp\/v2\/types\/product"}],"replies":[{"embeddable":true,"href":"https:\/\/monparfum.net\/index.php\/wp-json\/wp\/v2\/comments?post=10481"}],"wp:featuredmedia":[{"embeddable":true,"href":"https:\/\/monparfum.net\/index.php\/wp-json\/wp\/v2\/media\/10479"}],"wp:attachment":[{"href":"https:\/\/monparfum.net\/index.php\/wp-json\/wp\/v2\/media?parent=10481"}],"wp:term":[{"taxonomy":"product_brand","embeddable":true,"href":"https:\/\/monparfum.net\/index.php\/wp-json\/wp\/v2\/product_brand?post=10481"},{"taxonomy":"product_cat","embeddable":true,"href":"https:\/\/monparfum.net\/index.php\/wp-json\/wp\/v2\/product_cat?post=10481"},{"taxonomy":"product_tag","embeddable":true,"href":"https:\/\/monparfum.net\/index.php\/wp-json\/wp\/v2\/product_tag?post=10481"}],"curies":[{"name":"wp","href":"https:\/\/api.w.org\/{rel}","templated":true}]}}